actors of 8267824?
2, 31, 79, 211
List the prime factors of 2179280.
2, 5, 27241
What are the prime factors of 27977598?
2, 3, 11, 141301
What are the prime factors of 190675?
5, 29, 263
List the prime factors of 19668217.
283, 69499
What are the prime factors of 1256301?
3, 139589
What are the prime factors of 2823434?
2, 23, 61379
List the prime factors of 34774694.
2, 79, 97, 2269
What are the prime factors of 1696479?
3, 43, 13151
What are the prime factors of 191408?
2, 7, 1709
List the prime factors of 2573163.
3, 43, 61, 109
List the prime factors of 352009.
7, 50287
List the prime factors of 30703014.
2, 3, 41, 41603
List the prime factors of 756416.
2, 53, 223
What are the prime factors of 79580?
2, 5, 23, 173
List the prime factors of 127438.
2, 63719
List the prime factors of 183560.
2, 5, 13, 353
List the prime factors of 10646138.
2, 97, 54877
List the prime factors of 6575458.
2, 167, 19687
List the prime factors of 8244104.
2, 11, 93683
What are the prime factors of 4601127?
3, 23, 66683
List the prime factors of 30240.
2, 3, 5, 7
What are the prime factors of 540299?
29, 31, 601
List the prime factors of 164136.
2, 3, 7, 977
What are the prime factors of 1830120?
2, 3, 5, 101, 151
List the prime factors of 1911270.
2, 3, 5, 63709
What are the prime factors of 247969?
19, 31, 421
List the prime factors of 350681.
23, 79, 193
List the prime factors of 11669.
7, 1667
What are the prime factors of 1068737?
29, 137, 269
What are the prime factors of 6078308?
2, 43, 35339
List the prime factors of 14700107.
31, 474197
List the prime factors of 20536914.
2, 3, 769, 4451
List the prime factors of 11619669.
3, 23, 47, 3583
What are the prime factors of 29301047?
17, 179, 9629
What are the prime factors of 25181?
13, 149
List the prime factors of 171636.
2, 3, 14303
What are the prime factors of 200822?
2, 100411
List the prime factors of 151744.
2, 2371
What are the prime factors of 4736721?
3, 11, 143537
List the prime factors of 169065.
3, 5, 13, 17
List the prime factors of 6554022.
2, 3, 1092337
What are the prime factors of 4361106?
2, 3, 107, 6793
What are the prime factors of 39679282?
2, 43, 223, 2069
What are the prime factors of 48498?
2, 3, 59, 137
What are the prime factors of 355464?
2, 3, 4937
What are the prime factors of 215431?
211, 1021
What are the prime factors of 7999148?
2, 401, 4987
List the prime factors of 529783.
563, 941
What are the prime factors of 1145540?
2, 5, 11, 41, 127
What are the prime factors of 9220605?
3, 5, 19, 32353
What are the prime factors of 8813946?
2, 3, 149, 9859
What are the prime factors of 564716?
2, 141179
List the prime factors of 173188.
2, 29, 1493
What are the prime factors of 272053?
272053
List the prime factors of 259935.
3, 5, 13, 31, 43
What are the prime factors of 9984974?
2, 4992487
What are the prime factors of 2101653?
3, 77839
What are the prime factors of 1380361?
1061, 1301
What are the prime factors of 593525?
5, 23741
What are the prime factors of 223003?
11, 19, 97
What are the prime factors of 4349037?
3, 7, 11, 67, 281
What are the prime factors of 9291110?
2, 5, 227, 4093
List the prime factors of 10070102.
2, 7, 31, 23203
List the prime factors of 1156821.
3, 385607
What are the prime factors of 334615?
5, 66923
What are the prime factors of 26897827?
11, 613, 3989
List the prime factors of 20053755.
3, 5, 79, 5641
List the prime factors of 13961886.
2, 3, 683, 3407
What are the prime factors of 25564836?
2, 3, 11, 293, 661
What are the prime factors of 2740337?
2740337
List the prime factors of 66241.
7, 9463
List the prime factors of 3279228.
2, 3, 273269
List the prime factors of 76596.
2, 3, 13, 491
What are the prime factors of 3398086?
2, 1699043
What are the prime factors of 29444520?
2, 3, 5, 7, 35053
What are the prime factors of 10939?
10939
List the prime factors of 2741146.
2, 1370573
List the prime factors of 1207614.
2, 3, 41, 4909
List the prime factors of 960349.
13, 31, 2383
List the prime factors of 3952340.
2, 5, 7, 37, 109
List the prime factors of 575466.
2, 3, 95911
List the prime factors of 714055.
5, 142811
List the prime factors of 208304.
2, 47, 277
List the prime factors of 27073.
27073
What are the prime factors of 1455923?
7, 23, 9043
List the prime factors of 13986403.
3389, 4127
List the prime factors of 1786744.
2, 173, 1291
What are the prime factors of 948643?
37, 25639
What are the prime factors of 4609671?
3, 11, 41, 3407
List the prime factors of 10738.
2, 7, 13, 59
List the prime factors of 5910400.
2, 5, 1847
List the prime factors of 425699.
103, 4133
List the prime factors of 179085.
3, 5, 11939
What are the prime factors of 13127152?
2, 73, 11239
What are the prime factors of 3477352?
2, 593, 733
What are the prime factors of 7773131?
17, 29, 15767
What are the prime factors of 2207124?
2, 3, 37, 1657
List the prime factors of 7246106.
2, 7, 19, 27241
List the prime factors of 257457.
3, 85819
What are the prime factors of 1728917?
17, 101701
What are the prime factors of 3306023?
7, 472289
What are the prime factors of 444734?
2, 222367
List the prime factors of 1561263.
3, 11, 17, 23
List the prime factors of 6338581.
37, 163, 1051
What are the prime factors of 9079585?
5, 1815917
What are the prime factors of 1561406?
2, 7, 11, 10139
What are the prime factors of 220877?
220877
What are the prime factors of 220339?
7, 31477
What are the prime factors of 1321063?
1321063
List the prime factors of 12577.
12577
What are the prime factors of 16705022?
2, 47, 71, 2503
List the prime factors of 10630539.
3, 1181171
List the prime factors of 478777.
13, 2833
What are the prime factors of 332599?
31, 10729
What are the prime factors of 126026?
2, 61, 1033
What are the prime factors of 49643?
11, 4513
List the prime factors of 332958.
2, 3, 211, 263
List the prime factors of 1434829.
11, 130439
What are the prime factors of 2562368?
2, 40037
List the prime factors of 4097826.
2, 3, 251, 907
What are the prime factors of 72434?
2, 36217
List the prime factors of 428062.
2, 214031
What are the prime factors of 107654?
2, 19, 2833
What are the prime factors of 192325?
5, 7, 157
What are the prime factors of 1231662?
2, 3, 131, 1567
List the prime factors of 16434880.
2, 5, 7, 11, 23, 29
List the prime factors of 156855.
3, 5, 10457
List the prime factors of 242748.
2, 3, 11, 613
List the prime factors of 566807.
83, 6829
What are the prime factors of 809971?
239, 3389
What are the prime factors of 1069896?
2, 3, 44579
List the prime factors of 907617.
3, 41, 47, 157
List the prime factors of 7593189.
3, 149, 16987
List the prime factors of 110285.
5, 7, 23, 137
List the prime factors of 520509.
3, 11, 15773
List the prime factors of 797195.
5, 7, 22777
List the prime factors of 5087636.
2, 107, 11887
List the prime factors of 790430.
2, 5, 79043
What are the prime factors of 260156?
2, 13, 5003
List the prime factors of 10697959.
397, 26947
List the prime factors of 27458262.
2, 3, 13, 271, 433
What are the prime factors of 865553?
13, 139, 479
List the prime factors of 3169507.
11, 288137
What are the prime factors of 342547?
342547
List the prime factors of 20274456.
2, 3, 844769
List the prime factors of 1653578.
2, 107, 7727
What are the prime factors of 362844?
2, 3, 10079
List the prime factors of 19304436.
2, 3, 1608703
List the prime factors of 325421.
325421
What are the prime factors of 218257?
13, 103, 163
List the prime factors of 35052723.
3, 31, 41879
What are the prime factors of 4528266?
2, 3, 754711
List the prime factors of 2100109.
11, 71, 2689
What are the prime factors of 747750?
2, 3, 5, 997
List the prime factors of 4210795.
5, 842159
List the prime factors of 3467868.
2, 3, 288989
List the prime factors of 68560.
2, 5, 857
List the prime factors of 292122.
2, 3, 16229
What are the prime factors of 7851633?
3, 2617211
List the prime factors of 4298218.
2, 19, 113111
What are the prime factors of 7633880?
2, 5, 139, 1373
What are the prime factors of 146296?
2, 18287
List the prime factors of 1363327.
7, 27823
List the prime factors of 824727.
3, 274909
List the prime factors of 9339711.
3, 29, 31, 3463
List the prime factors of 724657.
557, 1301
List the prime factors of 6262253.
1373, 4561
List the p